 2*l = -6 - 30. Let f = l - -23. What is z(f)?
0
Let j(d) = -5*d - 2. Let z(s) = -4*s - 1. Let x(h) = -2*j(h) + 3*z(h). Let w(l) = l - 2. Let t(k) = 2*w(k) + 3*x(k). Determine t(1).
-5
Suppose -k + 4 = 0, -5*w + 20 = -2*w + 5*k. Let r(c) be the second derivative of -c**3/6 + 9*c**2/2 + c. What is r(w)?
9
Let d(w) = -2*w + 7. Let r be d(6). Let t(x) be the second derivative of x**3/6 - x**2 - x. Calculate t(r).
-7
Let t(p) = -p**2 + 2*p + 4. Let c(d) = d**3 - 2*d**2 - 3*d + 3. Suppose -29 = -3*s - 5*u, 0*u = 4*s - 3*u. Let b be c(s). Calculate t(b).
1
Let a(l) = 4*l. Let t = 6 + -1. Suppose s = -t*d + 12, 0*s + s = -3. Let g(p) = -7*p. Let m(j) = d*g(j) + 5*a(j). Give m(3).
-3
Suppose -a + 22 = 4*h + a, -5*h + 4*a = -21. Suppose 5*s + h = -10. Let u(t) = 0*t + 0*t + t**2 - 3. Calculate u(s).
6
Let b(h) = 10*h**2 - 1. Suppose 4*t + 0*g - 6 = 2*g, t - g - 2 = 0. Give b(t).
9
Let l = 132 - 132. Let t(p) = p**2 - p + 16. Determine t(l).
16
Suppose -6*x + x + 20 = 0. Suppose 5*z - 5*k = 3*z - 20, -2*k + 8 = x*z. Suppose p - 2 = 3*h - 11, z = -p. Let s(q) = q**2 - 4*q - 1. What is s(h)?
-4
Let s be 5 + -3 - -5 - 1. Suppose 2*v = s*v + 4. Let l(a) = a**3 + a**2 - a - 1. Calculate l(v).
0
Let j(o) = o**2 + o - 4. Let w(d) = d**2 + 2*d - 5. Suppose 5*v = 3*y - 6*y - 32, 3*v = -3*y - 24. Let g(x) = y*j(x) + 3*w(x). Let q = -3 + 5. Give g(q).
1
Let w(p) = p**2 - 4. Suppose s = -l - 5 + 3, 4*s + 2*l + 10 = 0. Give w(s).
5
Let t(j) be the third derivative of -j**6/120 + j**5/15 + j**4/8 + 7*j**3/6 - 41*j**2. Let q(x) = x**3 + 6*x**2 - 9*x - 9. Let g be q(-7). Determine t(g).
-3
Let v = 11 - 9. Suppose k + 2*o + 12 = 5*k, 0 = -k + 4*o + 10. Let f(n) = -3*n**2 - n - 5*n + v + k*n - 4. Calculate f(-2).
-6
Let z be (2/6 + (-1)/2)/(-4). Let l(k) be the third derivative of 0*k + k**2 + 0*k**3 - z*k**4 + 0. Calculate l(-1).
1
Let y(n) be the first derivative of n**4/4 + n**2/2 + 5*n - 30. Give y(0).
5
Let z(y) be the second derivative of -1/12*y**4 + 0 - 2*y**2 + 2/3*y**3 - 4*y. Give z(4).
-4
Let x(p) = p - 1. Let s be 0 - (0 - 1) - -3. Suppose 3*w = s*w + 4. What is x(w)?
-5
Let j(d) = 15*d - 5. Let r(a) = -23*a + 8. Let q(f) = -8*j(f) - 5*r(f). Determine q(-2).
10
Let s(j) = -j**3 - 2*j**2 - j. Suppose 3*m - 4*r = -10, r - 4*r = 3*m + 3. What is s(m)?
2
Let v(n) be the third derivative of -n**5/12 + n**4/8 - 7*n**3/6 - n**2. Let j(r) = 1 + 4 + r**2 - 4. Let z(i) = -6*j(i) - v(i). Give z(-3).
1
Suppose 0 = l - 3, 2*f - 3 = -f + 2*l. Let b(c) = 5*c**3 - 3*c**2 + c + 1. Let k be b(1). Let v(g) = -g + k*g - 5*g - f + 4*g. Give v(3).
3
Let a(i) = -7*i + 1. Suppose -2*k + 15 - 19 = 0. What is a(k)?
15
Let j(z) = -z - 4 + 8*z - 4*z - z. Let y(c) = 3*c**2. Let b be y(3). Let i be 4/(-10) - b/(-5). Give j(i).
6
Suppose 4 = -2*q, -4*g + g - 6 = 3*q. Let x(n) be the third derivative of g*n + 1/12*n**4 + 0 - n**2 - 5/6*n**3. What is x(4)?
3
Let o(h) = 3*h - h - 2 + 5*h. Calculate o(-3).
-23
Let m be 2 + -1 + 1 + 1. Let n(b) be the third derivative of b**5/30 - b**4/8 + b**3/6 + 4*b**2. Determine n(m).
10
Let g(o) = -o**2 + o - 4. Let u(j) = j - 3. Let w be u(7). Suppose -6*x = -x + 4*d - 12, -w*x = -3*d + 9. Let m = 0 - x. Calculate g(m).
-4
Let m(d) be the first derivative of -d**6/360 + 7*d**5/120 - 7*d**4/24 + 7*d**3/3 - 5. Let f(l) be the third derivative of m(l). Calculate f(5).
3
Let z(c) be the third derivative of -c**6/120 + c**5/60 - c**4/24 + 7*c**3/6 + c**2. Let n(p) = -p**3 + 4*p**2 - 3*p - 2. Let s be n(2). What is z(s)?
7
Let v(r) = 3*r + 5*r - 13*r - 4 + 4*r. Calculate v(7).
-11
Let r be 1/(-3 + 2)*5. Let u(b) = -4 - 2*b - 3*b + 12*b**2 - b**3 - 18*b**2. What is u(r)?
-4
Let v be (-1)/(-3) - (-22)/6. Suppose v*t - c + 4 = 5*t, t = c + 6. Let n be t/(-2) - 18/(-12). Let h(s) = 7*s**2 + s. Calculate h(n).
6
Let d(p) = 3*p + 0*p + 0*p + 3 - 9*p**2 + 10*p**2. Let o = -4 + 2. Give d(o).
1
Let v(a) = -3. Let q(t) = t + 1. Let x(c) = -4*q(c) - v(c). Determine x(1).
-5
Let a be 2/4*(-4 + 20). Suppose -4*k + 3*d + 17 = 0, 2*k - k - d - 5 = 0. Suppose 5*o + k = -a. Let n(j) = -3*j**2 - 4*j - 3. Determine n(o).
-7
Let s(q) be the second derivative of q**4/12 + q**2/2 - 8*q. Let u(r) be the third derivative of r**5/60 + 2*r**2. Let l be u(0). What is s(l)?
1
Let n(i) = -i - 2. Let o be n(-2). Let w(j) = -1 + j + 3*j**3 + o - 4*j**3 + 3*j**3. Determine w(1).
2
Let o(u) be the third derivative of -u**4/24 + 5*u**3/3 + 2*u**2. Let w be o(8). Let l(m) = -2*m + 3. What is l(w)?
-1
Let p(m) = -5*m + 1. Let y(i) = -5*i + 1. Let x(g) = 6*p(g) - 7*y(g). Let l(j) = -j**2 - 22*j - 120. Let q be l(-11). Determine x(q).
4
Let m be (-144)/(-28)*14/3. Let k be (-2 - m/(-15))*-5. Let z(s) = 4*s + s**k - 4*s**2 - s**2 - s**3 + 3 + 2*s**2. What is z(-2)?
-5
Let r(p) = p**3 - 5*p**2 - 3*p - 1. Let y(v) = v**2 + 14*v + 5. Let m be y(-14). Determine r(m).
-16
Suppose -r - 3*r + 4 = 0. Suppose 0 = -0*j - j + r. Let t(d) be the first derivative of d**2/2 + 4. Determine t(j).
1
Let l(n) be the first derivative of -2*n**4 - 2*n**3/3 - n**2/2 + 58. What is l(-1)?
7
Let c = -10 - -11. Let b(h) = 2*h + 4 - 3 - c. What is b(1)?
2
Let g = -64 - -31. Let m be g/(-4)*(-40)/(-15). Suppose -4*a - 29 = -5*b, -6 = 4*b + 4*a - m. Let u(t) = -t**2 + 5*t - 2. What is u(b)?
-2
Suppose -2*z = -6*z + 20. Suppose -4*y - 4*w + 24 = 0, 0*w + 4 = -4*w. Let t = y - z. Let g(c) = 2*c**2 - c - 2. Give g(t).
4
Let f(y) be the third derivative of y**6/720 - y**5/30 - y**4/8 - 3*y**2. Let j(z) be the second derivative of f(z). Determine j(3).
-1
Let c(o) = -4*o**3 - o**2 + 2*o - 6. Let p(s) = 3*s**3 + s**2 - 2*s + 5. Let i(q) = 2*c(q) + 3*p(q). Let t = 2 + -1. Let m be (0 + t)/(2/(-6)). Give i(m).
-9
Let n(m) be the third derivative of -m**5/20 - m**4/8 + m**3/6 - 9*m**2. Give n(-3).
-17
Let z = 14 + -9. Suppose 12 = -4*a - 3*u, -5*u + 2*u = -a + 12. Let p(f) = -f + 1 + 5 + a. Calculate p(z).
1
Let q(n) be the first derivative of -2*n**2 - 1. Let w be q(2). Let d be w/(-4)*(-1)/(-2). Let g(x) = 8*x**2 - x. What is g(d)?
7
Let b(m) = 3*m**2 + 5*m - 3. Let u(l) = -l**2 - 2*l + 1. Let n(k) = -2*b(k) - 5*u(k). Determine n(-1).
0
Let y(w) = -2*w**3 + 17*w**2 - 9*w + 1. Let v be y(8). Let z(o) = -o**2 - 6*o + 7. Calculate z(v).
0
Let j(h) = -1. Let w(y) = 4*y - 10. Let b(f) = -6*j(f) + w(f). What is b(-3)?
-16
Suppose 5 = -2*h + 7. Let a(q) = 3*q + 20*q**2 - 19*q**2 + 2 - h. Let n be (-1)/((-2)/(-4)) + -1. Give a(n).
1
Let u(b) = 7*b**2 - 4*b - 4*b**2 + 5 - b**2 - 3*b**2. Let q(j) = 4*j - 1. Let z be q(-1). Calculate u(z).
0
Suppose -93 = q - 98. Let t(s) = -s. Calculate t(q).
-5
Let a(u) be the third derivative of 0*u**4 + 1/6*u**3 + 7/60*u**6 - 1/30*u**5 + 0 + 0*u - 6*u**2. Give a(1).
13
Let j(w) = w**2 - 4*w. Let p(q) = -q**3 + 3*q**2 - 2. Let b be p(2). Suppose -4*m + 3 - 31 = -2*v, 0 = -5*v - b*m + 10. Give j(v).
0
Let i(y) = -6*y - 3. Let u(z) = z**3 + 2. Let f be u(0). Let d be (-3 - -1) + (5 - -1). Let o = f - d. What is i(o)?
9
Let g = -5 - -1. Let o = g - -1. Let j(f) be the second derivative of -f**5/20 - f**4/4 + f**3/2 + 2*f**2 + f. Give j(o).
-5
Let l = 3 - 0. Suppose 0 = -6*y + 2*y - l*a + 7, 3 = 3*a. Let g(n) = 2*n - n + 2*n. What is g(y)?
3
Suppose -k = 2*w, w = -2*k - 0*w + 3. Let u(b) = -b + 1 + 3 - 1 + k. Let m = -1 + 1. Determine u(m).
5
Let l(j) be the first derivative of -5*j**2/2 - 28. Determine l(-2).
10
Let a(r) = 5*r - 7*r + 13 - 8 + r**3 - 7*r**2. Determine a(7).
-9
Let l(n) = -n**2 - n + 2. Suppose -30 = -5*k + 2*k. Let p(s) = 8*s + k*s**2 - 5*s**3 + 2*s + 9 + 4*s**3 + 2*s**3. Let u be p(-9). Determine l(u).
2
Let b be -2*(-1 + (-7)/2). Let y = -14 + b. Let c(h) be the first derivative of -h**4/4 - 4*h**3/3 + 3*h**2/2 - 5*h + 52. Determine c(y).
5
Let r(p) = -p**2 + 5*p - 1. Let q = 19 + -6. Suppose 0 = 2*i - q - 13. Let c = i + -8. Give r(c).
-1
Let g(o) = -2*o**2 + 6*o - 6. Let z = 144 + -141. Determine g(z).
-6
Let u(f) = -f**2 + 3*f + 1. Let n(c) = -c**2 + 4*c. Let p(y) = 3*n(y) - 4*u(y). What is p(-3)?
5
Let l(c) = -7*c**2 - c. Let h be ((-18)/12)/(6/88). Let d = h - -21. What is l(d)?
-6
Suppose 0 = 19*x - 21*x + 4. Let p(r) = r**2 + r - 2. Determine p(x).
4
Let i be 1*(3 - 0)*1. Let k(q) = -3 - 1 - i*q + 0*q + 3. Give k(-2).
5
Let i(a) = 2*a. Let c(y) = y**2 + 5. Let s be c(0). Let v be 